{"id":9357,"date":"2021-05-14T14:29:24","date_gmt":"2021-05-14T14:29:24","guid":{"rendered":"http:\/\/dev.stork.express\/?page_id=9357"},"modified":"2022-07-05T11:37:51","modified_gmt":"2022-07-05T11:37:51","slug":"a-propos","status":"publish","type":"page","link":"https:\/\/stork.express\/?page_id=9357","title":{"rendered":"A PROPOS &#8211; FR"},"content":{"rendered":"<p>[vc_row el_id=&#8221;marche&#8221; css=&#8221;.vc_custom_1624031101973{margin-top: 0px !important;padding-top: 30px !important;}&#8221;][vc_column css=&#8221;.vc_custom_1623933785232{margin-top: 0px !important;}&#8221;][vc_custom_heading text=&#8221;LE MARCH\u00c9 DU CEP *&#8221; font_container=&#8221;tag:h2|font_size:36|text_align:center|color:%2300bffb&#8221; google_fonts=&#8221;font_family:Lato%3A100%2C100italic%2C300%2C300italic%2Cregular%2Citalic%2C700%2C700italic%2C900%2C900italic|font_style:400%20regular%3A400%3Anormal&#8221; css=&#8221;.vc_custom_1624619386535{margin-top: 0px !important;margin-bottom: 30px !important;}&#8221; el_class=&#8221;mobile-title-font2&#8243;][vc_column_text]<\/p>\n<p style=\"text-align: center;\"><strong>Colis, Express &amp; Parcels<\/strong><\/p>\n<p>[\/vc_column_text][vc_single_image image=&#8221;9575&#8243; img_size=&#8221;full&#8221; alignment=&#8221;center&#8221;][\/vc_column][\/vc_row][vc_row type=&#8221;full-width-section&#8221; content_placement=&#8221;middle&#8221;][vc_column width=&#8221;1\/3&#8243; offset=&#8221;vc_col-lg-offset-4 vc_col-lg-4 vc_col-md-offset-4 vc_col-md-4 vc_col-sm-offset-4 vc_col-xs-offset-4 vc_col-xs-4&#8243;]<style type=\"text\/css\" >#rand_m4ia0tn5ym6xex2kruz6 .icon_circle{background-color:#21c2f8; color:#fff;}<\/style> <style type='text\/css'> @font-face{font-family: 'ln'; src:url('https:\/\/stork.express\/wp-content\/themes\/thefox\/includes\/4k-icons\/icons\/4k-icons-pack03\/icons\/fonts\/ln.eot'); src:url('https:\/\/stork.express\/wp-content\/themes\/thefox\/includes\/4k-icons\/icons\/4k-icons-pack03\/icons\/fonts\/ln.eot?#iefix') format('embedded-opentype'), url('https:\/\/stork.express\/wp-content\/themes\/thefox\/includes\/4k-icons\/icons\/4k-icons-pack03\/icons\/fonts\/ln.woff') format('woff'), url('https:\/\/stork.express\/wp-content\/themes\/thefox\/includes\/4k-icons\/icons\/4k-icons-pack03\/icons\/fonts\/ln.ttf') format('truetype'), url('https:\/\/stork.express\/wp-content\/themes\/thefox\/includes\/4k-icons\/icons\/4k-icons-pack03\/icons\/fonts\/ln.svg#oi') format('svg'); font-weight: normal; font-style: normal;}#rand_m4ia0tn5ym6xex2kruz6 .ln-mail:before{font-family: 'ln'; font-weight: normal; font-style: normal;}#rand_m4ia0tn5ym6xex2kruz6 .ln-mail:before{content: \"\\e019\";}<\/style>\n<div id=\"rand_m4ia0tn5ym6xex2kruz6\" class=\"icon_box2_sc rda_fadeInRight\"><div class=\"icon_circle\"><i class=\"ln-mail\" ><\/i><\/div><h3 style=\"color:;\" >Courriers simples<\/h3><p style=\"color:;\" ><\/p><\/div>[\/vc_column][vc_column width=&#8221;1\/3&#8243; offset=&#8221;vc_col-lg-offset-4 vc_col-lg-4 vc_col-md-offset-4 vc_col-md-4 vc_col-sm-offset-4 vc_col-xs-offset-4 vc_col-xs-4&#8243;]<style type=\"text\/css\" >#rand_y3om7ecz5cw96yp1djh5 .icon_circle{background-color:#21c2f8; color:#fff;}<\/style> <style type='text\/css'> @font-face{font-family: 'bk'; src:url('https:\/\/stork.express\/wp-content\/themes\/thefox\/includes\/4k-icons\/icons\/4k-icons-pack01\/icons\/fonts\/bk.eot'); src:url('https:\/\/stork.express\/wp-content\/themes\/thefox\/includes\/4k-icons\/icons\/4k-icons-pack01\/icons\/fonts\/bk.eot?#iefix') format('embedded-opentype'), url('https:\/\/stork.express\/wp-content\/themes\/thefox\/includes\/4k-icons\/icons\/4k-icons-pack01\/icons\/fonts\/bk.woff') format('woff'), url('https:\/\/stork.express\/wp-content\/themes\/thefox\/includes\/4k-icons\/icons\/4k-icons-pack01\/icons\/fonts\/bk.ttf') format('truetype'), url('https:\/\/stork.express\/wp-content\/themes\/thefox\/includes\/4k-icons\/icons\/4k-icons-pack01\/icons\/fonts\/bk.svg#oi') format('svg'); font-weight: normal; font-style: normal;}#rand_y3om7ecz5cw96yp1djh5 .bk-box-2:before{font-family: 'bk'; font-weight: normal; font-style: normal;}#rand_y3om7ecz5cw96yp1djh5 .bk-box-2:before{content: \"\\e0be\";}<\/style>\n<div id=\"rand_y3om7ecz5cw96yp1djh5\" class=\"icon_box2_sc rda_fadeInRight\"><div class=\"icon_circle\"><i class=\"bk-box-2\" ><\/i><\/div><h3 style=\"color:;\" >Colis<\/h3><p style=\"color:;\" ><\/p><\/div>[\/vc_column][vc_column width=&#8221;1\/3&#8243; offset=&#8221;vc_col-lg-offset-4 vc_col-lg-4 vc_col-md-offset-4 vc_col-md-4 vc_col-sm-offset-4 vc_col-xs-offset-4 vc_col-xs-4&#8243;]<style type=\"text\/css\" >#rand_i4789usg8p9ijw32wqtk .icon_circle{background-color:#21c2f8; color:#fff;}<\/style> <style type='text\/css'> @font-face{font-family: 'bk'; src:url('https:\/\/stork.express\/wp-content\/themes\/thefox\/includes\/4k-icons\/icons\/4k-icons-pack01\/icons\/fonts\/bk.eot'); src:url('https:\/\/stork.express\/wp-content\/themes\/thefox\/includes\/4k-icons\/icons\/4k-icons-pack01\/icons\/fonts\/bk.eot?#iefix') format('embedded-opentype'), url('https:\/\/stork.express\/wp-content\/themes\/thefox\/includes\/4k-icons\/icons\/4k-icons-pack01\/icons\/fonts\/bk.woff') format('woff'), url('https:\/\/stork.express\/wp-content\/themes\/thefox\/includes\/4k-icons\/icons\/4k-icons-pack01\/icons\/fonts\/bk.ttf') format('truetype'), url('https:\/\/stork.express\/wp-content\/themes\/thefox\/includes\/4k-icons\/icons\/4k-icons-pack01\/icons\/fonts\/bk.svg#oi') format('svg'); font-weight: normal; font-style: normal;}#rand_i4789usg8p9ijw32wqtk .bk-refrigerator:before{font-family: 'bk'; font-weight: normal; font-style: normal;}#rand_i4789usg8p9ijw32wqtk .bk-refrigerator:before{content: \"\\e088\";}<\/style>\n<div id=\"rand_i4789usg8p9ijw32wqtk\" class=\"icon_box2_sc rda_fadeInRight\"><div class=\"icon_circle\"><i class=\"bk-refrigerator\" ><\/i><\/div><h3 style=\"color:;\" >Gros envois<\/h3><p style=\"color:;\" ><\/p><\/div>[\/vc_column][\/vc_row][vc_row type=&#8221;full-width-section&#8221; el_id=&#8221;probleme&#8221;][vc_column animation=&#8221;rda_fadeInUp&#8221;][vc_zigzag][vc_custom_heading text=&#8221;LES PROBL\u00c8MES DU MARCH\u00c9&#8221; font_container=&#8221;tag:h2|font_size:36|text_align:center|color:%2300bffb&#8221; google_fonts=&#8221;font_family:Lato%3A100%2C100italic%2C300%2C300italic%2Cregular%2Citalic%2C700%2C700italic%2C900%2C900italic|font_style:400%20regular%3A400%3Anormal&#8221; el_class=&#8221;mobile-title-font2&#8243; css=&#8221;.vc_custom_1624021074252{margin-top: 60px !important;}&#8221;][vc_row_inner][vc_column_inner width=&#8221;1\/4&#8243; offset=&#8221;vc_col-md-offset-3 vc_col-md-3 vc_col-xs-offset-6 vc_col-xs-6&#8243;][mvc_infobox title_color=&#8221;#00bffb&#8221; image_id=&#8221;9648&#8243; info_title=&#8221;72%&#8221; title_size=&#8221;48&#8243; image_size=&#8221;100&#8243;]<\/p>\n<p style=\"color: #00bffb;\">Des clients estiment la livraison comme le crit\u00e8re le plus important lors d\u2019un achat<\/p>\n<p>[\/mvc_infobox][\/vc_column_inner][vc_column_inner width=&#8221;1\/4&#8243; offset=&#8221;vc_col-md-offset-3 vc_col-md-3 vc_col-xs-offset-6 vc_col-xs-6&#8243;][mvc_infobox title_color=&#8221;#00bffb&#8221; image_id=&#8221;9646&#8243; info_title=&#8221;35%&#8221; title_size=&#8221;48&#8243; image_size=&#8221;100&#8243;]<\/p>\n<p style=\"color: #00bffb;\">Des personnes se faisant livrer sont insatisfaites de leur exp\u00e9rience de livraison<\/p>\n<p>[\/mvc_infobox][\/vc_column_inner][vc_column_inner width=&#8221;1\/4&#8243; offset=&#8221;vc_col-md-offset-3 vc_col-md-3 vc_col-xs-offset-6 vc_col-xs-6&#8243;][mvc_infobox title_color=&#8221;#00bffb&#8221; image_id=&#8221;9649&#8243; info_title=&#8221;80%&#8221; title_size=&#8221;48&#8243; image_size=&#8221;100&#8243;]<\/p>\n<p style=\"color: #00bffb;\">C\u2019est le nombre d\u2019acheteurs fran\u00e7ais pr\u00e9f\u00e9rant un service de livraison \u00e0 domicile<\/p>\n<p>[\/mvc_infobox][\/vc_column_inner][vc_column_inner width=&#8221;1\/4&#8243; offset=&#8221;vc_col-md-offset-3 vc_col-md-3 vc_col-xs-offset-6 vc_col-xs-6&#8243;][mvc_infobox title_color=&#8221;#00bffb&#8221; image_id=&#8221;9650&#8243; info_title=&#8221;39%&#8221; title_size=&#8221;48&#8243; image_size=&#8221;100&#8243;]<\/p>\n<p style=\"color: #00bffb;\">Ne retourneront jamais aupr\u00e8s du commer\u00e7ant ayant propos\u00e9 le service de livraison d\u00e9fectueux<\/p>\n<p>[\/mvc_infobox][\/vc_column_inner][\/vc_row_inner][vc_custom_heading text=&#8221;Ne passez pas \u00e0 c\u00f4t\u00e9 ! Alors que l\u2019\u00e8re est \u00e0 la digitalisation et au commerce en ligne, la livraison est un des principaux points de satisfaction client pourtant trop laiss\u00e9e de c\u00f4t\u00e9. Les services de livraison se multiplient mais ne r\u00e8glent pour autant pas les probl\u00e8mes r\u00e9currents. Identifier les probl\u00e8mes majeurs rencontr\u00e9s par les acteurs de la livraison c\u2019est comprendre leurs besoins afin de proposer un outil optimis\u00e9.&#8221; font_container=&#8221;tag:p|text_align:justify&#8221; use_theme_fonts=&#8221;yes&#8221;][\/vc_column][\/vc_row][vc_row type=&#8221;full-width-section&#8221; css=&#8221;.vc_custom_1621009266791{margin-bottom: 0px !important;background-color: #00bffb !important;}&#8221;][vc_column width=&#8221;1\/2&#8243;][vc_empty_space][vc_single_image image=&#8221;8624&#8243; img_size=&#8221;large&#8221; alignment=&#8221;center&#8221; animation=&#8221;rda_fadeInLeft&#8221; el_class=&#8221;desktop-only&#8221;][\/vc_column][vc_column width=&#8221;1\/2&#8243;][vc_row_inner][vc_column_inner][vc_empty_space][vc_empty_space]<style type=\"text\/css\" >#rand_a9qaw5srgrcc6fgqujkn {margin-top:0px; margin-bottom:0px; }<\/style><style type='text\/css'> @font-face{font-family: 'imf'; src:url('https:\/\/stork.express\/wp-content\/themes\/thefox\/includes\/4k-icons\/icons\/4k-icons-pack03\/icons\/fonts\/imf.eot'); src:url('https:\/\/stork.express\/wp-content\/themes\/thefox\/includes\/4k-icons\/icons\/4k-icons-pack03\/icons\/fonts\/imf.eot?#iefix') format('embedded-opentype'), url('https:\/\/stork.express\/wp-content\/themes\/thefox\/includes\/4k-icons\/icons\/4k-icons-pack03\/icons\/fonts\/imf.woff') format('woff'), url('https:\/\/stork.express\/wp-content\/themes\/thefox\/includes\/4k-icons\/icons\/4k-icons-pack03\/icons\/fonts\/imf.ttf') format('truetype'), url('https:\/\/stork.express\/wp-content\/themes\/thefox\/includes\/4k-icons\/icons\/4k-icons-pack03\/icons\/fonts\/imf.svg#oi') format('svg'); font-weight: normal; font-style: normal;}#rand_a9qaw5srgrcc6fgqujkn .imf-profile:before{font-family: 'imf'; font-weight: normal; font-style: normal;}#rand_a9qaw5srgrcc6fgqujkn .imf-profile:before{content: \"\\e078\";}<\/style>\n<div id=\"rand_a9qaw5srgrcc6fgqujkn\" class=\"icon_box \"><i class=\"imf-profile\" style=\"color:#ffffff;\"><\/i><h3 style=\"color:#ffffff;\">Pour les clients finaux<\/h3><p style=\"color:#ffffff\"><\/p><\/div>[\/vc_column_inner][\/vc_row_inner]\n<!-- lists --><div class=\"rd_list_1_alt rd_list_left\"><style type='text\/css'> @font-face{font-family: 'lp'; src:url('https:\/\/stork.express\/wp-content\/themes\/thefox\/includes\/4k-icons\/icons\/4k-icons-pack03\/icons\/fonts\/lp.eot'); src:url('https:\/\/stork.express\/wp-content\/themes\/thefox\/includes\/4k-icons\/icons\/4k-icons-pack03\/icons\/fonts\/lp.eot?#iefix') format('embedded-opentype'), url('https:\/\/stork.express\/wp-content\/themes\/thefox\/includes\/4k-icons\/icons\/4k-icons-pack03\/icons\/fonts\/lp.woff') format('woff'), url('https:\/\/stork.express\/wp-content\/themes\/thefox\/includes\/4k-icons\/icons\/4k-icons-pack03\/icons\/fonts\/lp.ttf') format('truetype'), url('https:\/\/stork.express\/wp-content\/themes\/thefox\/includes\/4k-icons\/icons\/4k-icons-pack03\/icons\/fonts\/lp.svg#oi') format('svg'); font-weight: normal; font-style: normal;}#rand_7c5co59o6dnv3b9egroa .lp-record:before{font-family: 'lp'; font-weight: normal; font-style: normal;}#rand_7c5co59o6dnv3b9egroa .lp-record:before{content: \"\\e01a\";}<\/style>\n<style type=\"text\/css\" >.rd_list_1 .list_item_ctn { border-color:#ecf0f1}.rd_list_1 #rand_7c5co59o6dnv3b9egroa .list_icn i,.rd_list_1_alt #rand_7c5co59o6dnv3b9egroa .list_icn i{color:#ffffff;}.rd_list_2 #rand_7c5co59o6dnv3b9egroa:after{background:#ffffff;}.rd_list_2 #rand_7c5co59o6dnv3b9egroa .list_icn i{color:#ffffff;}.rd_list_3 #rand_7c5co59o6dnv3b9egroa .list_icn,.rd_list_5 #rand_7c5co59o6dnv3b9egroa .list_icn,.rd_list_6 #rand_7c5co59o6dnv3b9egroa .list_icn{background:#ffffff;}.rd_list_4 #rand_7c5co59o6dnv3b9egroa{background:#ffffff;}#rand_7c5co59o6dnv3b9egroa h3{color:#ffffff;}#rand_7c5co59o6dnv3b9egroa p{color:#ffffff;}.rd_list_7 #rand_7c5co59o6dnv3b9egroa .list_icn{color:#ffffff;}<\/style><div class=\"list_item_ctn\" id=\"rand_7c5co59o6dnv3b9egroa\"><div class=\"list_icn\"><i class=\"lp-record\"><\/i><\/div><div class=\"list_desc\"><h3>ON\u00c9REUX<\/h3><p>Des livraisons couteuses sans recherche d\u2019optimisation des envois<\/p><\/div><\/div><\/div>\r\n\r\n<!-- lists END-->\n\n<!-- lists --><div class=\"rd_list_1_alt rd_list_left\"><style type='text\/css'> @font-face{font-family: 'lp'; src:url('https:\/\/stork.express\/wp-content\/themes\/thefox\/includes\/4k-icons\/icons\/4k-icons-pack03\/icons\/fonts\/lp.eot'); src:url('https:\/\/stork.express\/wp-content\/themes\/thefox\/includes\/4k-icons\/icons\/4k-icons-pack03\/icons\/fonts\/lp.eot?#iefix') format('embedded-opentype'), url('https:\/\/stork.express\/wp-content\/themes\/thefox\/includes\/4k-icons\/icons\/4k-icons-pack03\/icons\/fonts\/lp.woff') format('woff'), url('https:\/\/stork.express\/wp-content\/themes\/thefox\/includes\/4k-icons\/icons\/4k-icons-pack03\/icons\/fonts\/lp.ttf') format('truetype'), url('https:\/\/stork.express\/wp-content\/themes\/thefox\/includes\/4k-icons\/icons\/4k-icons-pack03\/icons\/fonts\/lp.svg#oi') format('svg'); font-weight: normal; font-style: normal;}#rand_e3sne59xj2jzhpitehpe .lp-record:before{font-family: 'lp'; font-weight: normal; font-style: normal;}#rand_e3sne59xj2jzhpitehpe .lp-record:before{content: \"\\e01a\";}<\/style>\n<style type=\"text\/css\" >.rd_list_1 .list_item_ctn { border-color:#ecf0f1}.rd_list_1 #rand_e3sne59xj2jzhpitehpe .list_icn i,.rd_list_1_alt #rand_e3sne59xj2jzhpitehpe .list_icn i{color:#ffffff;}.rd_list_2 #rand_e3sne59xj2jzhpitehpe:after{background:#ffffff;}.rd_list_2 #rand_e3sne59xj2jzhpitehpe .list_icn i{color:#ffffff;}.rd_list_3 #rand_e3sne59xj2jzhpitehpe .list_icn,.rd_list_5 #rand_e3sne59xj2jzhpitehpe .list_icn,.rd_list_6 #rand_e3sne59xj2jzhpitehpe .list_icn{background:#ffffff;}.rd_list_4 #rand_e3sne59xj2jzhpitehpe{background:#ffffff;}#rand_e3sne59xj2jzhpitehpe h3{color:#ffffff;}#rand_e3sne59xj2jzhpitehpe p{color:#ffffff;}.rd_list_7 #rand_e3sne59xj2jzhpitehpe .list_icn{color:#ffffff;}<\/style><div class=\"list_item_ctn\" id=\"rand_e3sne59xj2jzhpitehpe\"><div class=\"list_icn\"><i class=\"lp-record\"><\/i><\/div><div class=\"list_desc\"><h3>Non responsable<\/h3><p>Normalisation des retards ou des pertes sur les livraisons de colis<\/p><\/div><\/div><\/div>\r\n\r\n<!-- lists END-->\n\n<!-- lists --><div class=\"rd_list_1_alt rd_list_left\"><style type='text\/css'> @font-face{font-family: 'lp'; src:url('https:\/\/stork.express\/wp-content\/themes\/thefox\/includes\/4k-icons\/icons\/4k-icons-pack03\/icons\/fonts\/lp.eot'); src:url('https:\/\/stork.express\/wp-content\/themes\/thefox\/includes\/4k-icons\/icons\/4k-icons-pack03\/icons\/fonts\/lp.eot?#iefix') format('embedded-opentype'), url('https:\/\/stork.express\/wp-content\/themes\/thefox\/includes\/4k-icons\/icons\/4k-icons-pack03\/icons\/fonts\/lp.woff') format('woff'), url('https:\/\/stork.express\/wp-content\/themes\/thefox\/includes\/4k-icons\/icons\/4k-icons-pack03\/icons\/fonts\/lp.ttf') format('truetype'), url('https:\/\/stork.express\/wp-content\/themes\/thefox\/includes\/4k-icons\/icons\/4k-icons-pack03\/icons\/fonts\/lp.svg#oi') format('svg'); font-weight: normal; font-style: normal;}#rand_s9ggsu6f8r8j62ifzl3j .lp-record:before{font-family: 'lp'; font-weight: normal; font-style: normal;}#rand_s9ggsu6f8r8j62ifzl3j .lp-record:before{content: \"\\e01a\";}<\/style>\n<style type=\"text\/css\" >.rd_list_1 .list_item_ctn { border-color:#ecf0f1}.rd_list_1 #rand_s9ggsu6f8r8j62ifzl3j .list_icn i,.rd_list_1_alt #rand_s9ggsu6f8r8j62ifzl3j .list_icn i{color:#ffffff;}.rd_list_2 #rand_s9ggsu6f8r8j62ifzl3j:after{background:#ffffff;}.rd_list_2 #rand_s9ggsu6f8r8j62ifzl3j .list_icn i{color:#ffffff;}.rd_list_3 #rand_s9ggsu6f8r8j62ifzl3j .list_icn,.rd_list_5 #rand_s9ggsu6f8r8j62ifzl3j .list_icn,.rd_list_6 #rand_s9ggsu6f8r8j62ifzl3j .list_icn{background:#ffffff;}.rd_list_4 #rand_s9ggsu6f8r8j62ifzl3j{background:#ffffff;}#rand_s9ggsu6f8r8j62ifzl3j h3{color:#ffffff;}#rand_s9ggsu6f8r8j62ifzl3j p{color:#ffffff;}.rd_list_7 #rand_s9ggsu6f8r8j62ifzl3j .list_icn{color:#ffffff;}<\/style><div class=\"list_item_ctn\" id=\"rand_s9ggsu6f8r8j62ifzl3j\"><div class=\"list_icn\"><i class=\"lp-record\"><\/i><\/div><div class=\"list_desc\"><h3>Intra\u00e7able<\/h3><p>Syst\u00e8me de suivi manquant cruellement de pr\u00e9cision et sans possibilit\u00e9 de tracking en temps r\u00e9el<\/p><\/div><\/div><\/div>\r\n\r\n<!-- lists END-->\n\n<!-- lists --><div class=\"rd_list_1_alt rd_list_left\"><style type='text\/css'> @font-face{font-family: 'lp'; src:url('https:\/\/stork.express\/wp-content\/themes\/thefox\/includes\/4k-icons\/icons\/4k-icons-pack03\/icons\/fonts\/lp.eot'); src:url('https:\/\/stork.express\/wp-content\/themes\/thefox\/includes\/4k-icons\/icons\/4k-icons-pack03\/icons\/fonts\/lp.eot?#iefix') format('embedded-opentype'), url('https:\/\/stork.express\/wp-content\/themes\/thefox\/includes\/4k-icons\/icons\/4k-icons-pack03\/icons\/fonts\/lp.woff') format('woff'), url('https:\/\/stork.express\/wp-content\/themes\/thefox\/includes\/4k-icons\/icons\/4k-icons-pack03\/icons\/fonts\/lp.ttf') format('truetype'), url('https:\/\/stork.express\/wp-content\/themes\/thefox\/includes\/4k-icons\/icons\/4k-icons-pack03\/icons\/fonts\/lp.svg#oi') format('svg'); font-weight: normal; font-style: normal;}#rand_1s1ki4jowm2he53gb561 .lp-record:before{font-family: 'lp'; font-weight: normal; font-style: normal;}#rand_1s1ki4jowm2he53gb561 .lp-record:before{content: \"\\e01a\";}<\/style>\n<style type=\"text\/css\" >.rd_list_1 .list_item_ctn { border-color:#ecf0f1}.rd_list_1 #rand_1s1ki4jowm2he53gb561 .list_icn i,.rd_list_1_alt #rand_1s1ki4jowm2he53gb561 .list_icn i{color:#ffffff;}.rd_list_2 #rand_1s1ki4jowm2he53gb561:after{background:#ffffff;}.rd_list_2 #rand_1s1ki4jowm2he53gb561 .list_icn i{color:#ffffff;}.rd_list_3 #rand_1s1ki4jowm2he53gb561 .list_icn,.rd_list_5 #rand_1s1ki4jowm2he53gb561 .list_icn,.rd_list_6 #rand_1s1ki4jowm2he53gb561 .list_icn{background:#ffffff;}.rd_list_4 #rand_1s1ki4jowm2he53gb561{background:#ffffff;}#rand_1s1ki4jowm2he53gb561 h3{color:#ffffff;}#rand_1s1ki4jowm2he53gb561 p{color:#ffffff;}.rd_list_7 #rand_1s1ki4jowm2he53gb561 .list_icn{color:#ffffff;}<\/style><div class=\"list_item_ctn\" id=\"rand_1s1ki4jowm2he53gb561\"><div class=\"list_icn\"><i class=\"lp-record\"><\/i><\/div><div class=\"list_desc\"><h3>Non s\u00e9curis\u00e9<\/h3><p>Perte ou r\u00e9ception de colis cass\u00e9s trop fr\u00e9quente<\/p><\/div><\/div><\/div>\r\n\r\n<!-- lists END-->\n\n<!-- lists --><div class=\"rd_list_1_alt rd_list_left\"><style type='text\/css'> @font-face{font-family: 'lp'; src:url('https:\/\/stork.express\/wp-content\/themes\/thefox\/includes\/4k-icons\/icons\/4k-icons-pack03\/icons\/fonts\/lp.eot'); src:url('https:\/\/stork.express\/wp-content\/themes\/thefox\/includes\/4k-icons\/icons\/4k-icons-pack03\/icons\/fonts\/lp.eot?#iefix') format('embedded-opentype'), url('https:\/\/stork.express\/wp-content\/themes\/thefox\/includes\/4k-icons\/icons\/4k-icons-pack03\/icons\/fonts\/lp.woff') format('woff'), url('https:\/\/stork.express\/wp-content\/themes\/thefox\/includes\/4k-icons\/icons\/4k-icons-pack03\/icons\/fonts\/lp.ttf') format('truetype'), url('https:\/\/stork.express\/wp-content\/themes\/thefox\/includes\/4k-icons\/icons\/4k-icons-pack03\/icons\/fonts\/lp.svg#oi') format('svg'); font-weight: normal; font-style: normal;}#rand_99hgq75uyzb7ipczjct0 .lp-record:before{font-family: 'lp'; font-weight: normal; font-style: normal;}#rand_99hgq75uyzb7ipczjct0 .lp-record:before{content: \"\\e01a\";}<\/style>\n<style type=\"text\/css\" >.rd_list_1 .list_item_ctn { border-color:#ecf0f1}.rd_list_1 #rand_99hgq75uyzb7ipczjct0 .list_icn i,.rd_list_1_alt #rand_99hgq75uyzb7ipczjct0 .list_icn i{color:#ffffff;}.rd_list_2 #rand_99hgq75uyzb7ipczjct0:after{background:#ffffff;}.rd_list_2 #rand_99hgq75uyzb7ipczjct0 .list_icn i{color:#ffffff;}.rd_list_3 #rand_99hgq75uyzb7ipczjct0 .list_icn,.rd_list_5 #rand_99hgq75uyzb7ipczjct0 .list_icn,.rd_list_6 #rand_99hgq75uyzb7ipczjct0 .list_icn{background:#ffffff;}.rd_list_4 #rand_99hgq75uyzb7ipczjct0{background:#ffffff;}#rand_99hgq75uyzb7ipczjct0 h3{color:#ffffff;}#rand_99hgq75uyzb7ipczjct0 p{color:#ffffff;}.rd_list_7 #rand_99hgq75uyzb7ipczjct0 .list_icn{color:#ffffff;}<\/style><div class=\"list_item_ctn\" id=\"rand_99hgq75uyzb7ipczjct0\"><div class=\"list_icn\"><i class=\"lp-record\"><\/i><\/div><div class=\"list_desc\"><h3>Impersonnel<\/h3><p>Impossibilit\u00e9 de contacter directement les livreurs pour organiser une livraison<\/p><\/div><\/div><\/div>\r\n\r\n<!-- lists END-->\n\n<!-- lists --><div class=\"rd_list_1_alt rd_list_left\"><\/div>\r\n\r\n<!-- lists END-->\n<style type='text\/css'> @font-face{font-family: 'lp'; src:url('https:\/\/stork.express\/wp-content\/themes\/thefox\/includes\/4k-icons\/icons\/4k-icons-pack03\/icons\/fonts\/lp.eot'); src:url('https:\/\/stork.express\/wp-content\/themes\/thefox\/includes\/4k-icons\/icons\/4k-icons-pack03\/icons\/fonts\/lp.eot?#iefix') format('embedded-opentype'), url('https:\/\/stork.express\/wp-content\/themes\/thefox\/includes\/4k-icons\/icons\/4k-icons-pack03\/icons\/fonts\/lp.woff') format('woff'), url('https:\/\/stork.express\/wp-content\/themes\/thefox\/includes\/4k-icons\/icons\/4k-icons-pack03\/icons\/fonts\/lp.ttf') format('truetype'), url('https:\/\/stork.express\/wp-content\/themes\/thefox\/includes\/4k-icons\/icons\/4k-icons-pack03\/icons\/fonts\/lp.svg#oi') format('svg'); font-weight: normal; font-style: normal;}#rand_pg1ss3f7g0qp8a8ojwhx .lp-record:before{font-family: 'lp'; font-weight: normal; font-style: normal;}#rand_pg1ss3f7g0qp8a8ojwhx .lp-record:before{content: \"\\e01a\";}<\/style>\n<style type=\"text\/css\" >.rd_list_1 .list_item_ctn { border-color:#ecf0f1}.rd_list_1 #rand_pg1ss3f7g0qp8a8ojwhx .list_icn i,.rd_list_1_alt #rand_pg1ss3f7g0qp8a8ojwhx .list_icn i{color:#ffffff;}.rd_list_2 #rand_pg1ss3f7g0qp8a8ojwhx:after{background:#ffffff;}.rd_list_2 #rand_pg1ss3f7g0qp8a8ojwhx .list_icn i{color:#ffffff;}.rd_list_3 #rand_pg1ss3f7g0qp8a8ojwhx .list_icn,.rd_list_5 #rand_pg1ss3f7g0qp8a8ojwhx .list_icn,.rd_list_6 #rand_pg1ss3f7g0qp8a8ojwhx .list_icn{background:#ffffff;}.rd_list_4 #rand_pg1ss3f7g0qp8a8ojwhx{background:#ffffff;}#rand_pg1ss3f7g0qp8a8ojwhx h3{color:#ffffff;}#rand_pg1ss3f7g0qp8a8ojwhx p{color:#ffffff;}.rd_list_7 #rand_pg1ss3f7g0qp8a8ojwhx .list_icn{color:#ffffff;}<\/style><div class=\"list_item_ctn\" id=\"rand_pg1ss3f7g0qp8a8ojwhx\"><div class=\"list_icn\"><i class=\"lp-record\"><\/i><\/div><div class=\"list_desc\"><h3>Polluant<\/h3><\/div><\/div>Industrie du transport \u00e9tant l\u2019une des plus polluantes pour la pl<\/p>\n","protected":false},"excerpt":{"rendered":"<p>[vc_row el_id=&#8221;marche&#8221; css=&#8221;.vc_custom_1624031101973{margin-top: 0px !important;padding-top: 30px !important;}&#8221;][vc_column css=&#8221;.vc_custom_1623933785232{margin-top: 0px !important;}&#8221;][vc_custom_heading text=&#8221;LE MARCH\u00c9 DU CEP *&#8221; font_container=&#8221;tag:h2|font_size:36|text_align:center|color:%2300bffb&#8221; google_fonts=&#8221;font_family:Lato%3A100%2C100italic%2C300%2C300italic%2Cregular%2Citalic%2C700%2C700italic%2C900%2C900italic|font_style:400%20regular%3A400%3Anormal&#8221; css=&#8221;.vc_custom_1624619386535{margin-top: 0px !important;margin-bottom: 30px !important;}&#8221; el_class=&#8221;mobile-title-font2&#8243;][vc_column_text] Colis, Express &amp; Parcels [\/vc_column_text][vc_single_image image=&#8221;9575&#8243; img_size=&#8221;full&#8221; alignment=&#8221;center&#8221;][\/vc_column][\/vc_row][vc_row type=&#8221;full-width-section&#8221; content_placement=&#8221;middle&#8221;][vc_column width=&#8221;1\/3&#8243; offset=&#8221;vc_col-lg-offset-4 vc_col-lg-4 vc_col-md-offset-4 vc_col-md-4 vc_col-sm-offset-4 vc_col-xs-offset-4 vc_col-xs-4&#8243;] Courriers simples[\/vc_column][vc_column width=&#8221;1\/3&#8243; offset=&#8221;vc_col-lg-offset-4 vc_col-lg-4 vc_col-md-offset-4 vc_col-md-4 vc_col-sm-offset-4 vc_col-xs-offset-4 vc_col-xs-4&#8243;] Colis[\/vc_column][vc_column width=&#8221;1\/3&#8243; offset=&#8221;vc_col-lg-offset-4 vc_col-lg-4<br \/><a href=\"https:\/\/stork.express\/?page_id=9357\" class=\"more\">Read more<\/a><\/p>\n","protected":false},"author":1,"featured_media":0,"parent":0,"menu_order":0,"comment_status":"closed","ping_status":"closed","template":"","meta":[],"_links":{"self":[{"href":"https:\/\/stork.express\/index.php?rest_route=\/wp\/v2\/pages\/9357"}],"collection":[{"href":"https:\/\/stork.express\/index.php?rest_route=\/wp\/v2\/pages"}],"about":[{"href":"https:\/\/stork.express\/index.php?rest_route=\/wp\/v2\/types\/page"}],"author":[{"embeddable":true,"href":"https:\/\/stork.express\/index.php?rest_route=\/wp\/v2\/users\/1"}],"replies":[{"embeddable":true,"href":"https:\/\/stork.express\/index.php?rest_route=%2Fwp%2Fv2%2Fcomments&post=9357"}],"version-history":[{"count":94,"href":"https:\/\/stork.express\/index.php?rest_route=\/wp\/v2\/pages\/9357\/revisions"}],"predecessor-version":[{"id":11136,"href":"https:\/\/stork.express\/index.php?rest_route=\/wp\/v2\/pages\/9357\/revisions\/11136"}],"wp:attachment":[{"href":"https:\/\/stork.express\/index.php?rest_route=%2Fwp%2Fv2%2Fmedia&parent=9357"}],"curies":[{"name":"wp","href":"https:\/\/api.w.org\/{rel}","templated":true}]}}